 2.
110000110011
23424 (base 5) to base 4
123023
Convert 174 (base 15) to base 5.
2314
-24c0 (base 13) to base 11
-3a21
221020 (base 3) to base 14
369
Convert -27a (base 14) to base 10.
-500
1231a (base 12) to base 10
24646
What is -1334 (base 10) in base 12?
-932
Convert 98fe (base 16) to base 8.
114376
What is -1013201 (base 4) in base 2?
-1000111100001
What is -1026 (base 10) in base 7?
-2664
Convert -20212 (base 3) to base 8.
-271
-11607 (base 12) to base 15
-6daa
What is 5221 (base 6) in base 10?
1165
Convert 1333 (base 6) to base 5.
2340
What is -1782 (base 11) in base 10?
-2268
52 (base 16) to base 13
64
Convert -2387 (base 10) to base 8.
-4523
What is 110011 (base 3) in base 9?
404
-13000 (base 4) to base 3
-121121
-636 (base 13) to base 2
-10000100011
Convert -7953 (base 16) to base 14.
-b467
Convert -305000 (base 6) to base 9.
-36430
What is 32011 (base 4) in base 9?
1211
What is 11111111 (base 2) in base 16?
ff
What is -351521 (base 7) in base 4?
-33120311
-77 (base 14) to base 5
-410
Convert -6ea (base 16) to base 6.
-12110
-2871 (base 15) to base 5
-234111
What is 3ab9 (base 14) in base 5?
312410
What is 222120 (base 3) in base 6?
3153
What is 17a32 (base 12) in base 15?
a275
What is -2474 (base 9) in base 10?
-1849
398 (base 12) to base 16
224
What is 100101011 (base 2) in base 4?
10223
What is 6625 (base 7) in base 3?
10020211
What is 113311 (base 4) in base 12?
a71
What is -11587 (base 10) in base 7?
-45532
15236 (base 9) to base 16
28a1
-1312112 (base 4) to base 16
-1d96
Convert 34451 (base 6) to base 10.
4927
-9231 (base 13) to base 10
-20151
Convert 535 (base 7) to base 13.
17b
What is -14aa8 (base 12) in base 11?
-1aa50
What is -965 (base 11) in base 8?
-2210
-14217 (base 8) to base 10
-6287
What is -52111 (base 7) in base 12?
-7464
10254 (base 10) to base 4
2200032
47 (base 14) to base 5
223
What is -1000101011011 (base 2) in base 11?
-337a
-6186 (base 9) to base 16
-11b5
What is 4646 (base 7) in base 6?
11512
What is -1f (base 16) in base 13?
-25
What is -18819 (base 10) in base 6?
-223043
Convert 6514 (base 9) to base 11.
3667
What is -6628 (base 12) in base 4?
-2300000
Convert 11320 (base 4) to base 10.
376
Convert -11ab (base 13) to base 15.
-b22
120112202 (base 3) to base 2
10110001000101
2126 (base 7) to base 9
1028
What is 884 (base 12) in base 6?
5444
491 (base 13) to base 11
662
Convert 1011100011 (base 2) to base 5.
10424
Convert -463 (base 9) to base 15.
-1a6
Convert 497 (base 14) to base 8.
1625
23323 (base 4) to base 16
2fb
Convert 1223121 (base 5) to base 13.
a936
Convert 574 (base 10) to base 11.
482
-101 (base 9) to base 16
-52
Convert 1003322 (base 4) to base 9.
5858
What is 1110000 (base 3) in base 10?
1053
Convert -2014 (base 8) to base 13.
-619
459 (base 14) to base 11
715
Convert -247b (base 14) to base 5.
-201011
-54605 (base 7) to base 4
-3111230
Convert 1100011011 (base 2) to base 16.
31b
What is -382 (base 11) in base 2?
-111000101
-20231 (base 4) to base 11
-467
-12113 (base 10) to base 14
-45b3
Convert 14052 (base 6) to base 12.
1328
Convert 26894 (base 10) to base 7.
141260
503022 (base 6) to base 8
115166
Convert -1524 (base 8) to base 5.
-11402
24570 (base 8) to base 3
112120012
216 (base 10) to base 7
426
What is 1010001001 (base 2) in base 8?
1211
1781 (base 9) to base 6
10201
Convert 1eda (base 15) to base 14.
264a
329a (base 11) to base 15
1449
What is 53d (base 16) in base 6?
10113
Convert 3324 (base 8) to base 3.
2101202
-1244221 (base 5) to base 15
-75c6
What is 33443 (base 5) in base 7?
6630
What is 21 (base 8) in base 4?
101
131232 (base 7) to base 9
36513
What is 1001100110101 (base 2) in base 9?
6663
Convert 1753 (base 13) to base 6.
23544
Convert -2522 (base 7) to base 16.
-3b3
Convert 101000110010 (base 2) to base 4.
220302
-10220 (base 3) to base 11
-96
5266 (base 16) to base 7
115333
1412011 (base 5) to base 6
342142
8031 (base 10) to base 13
386a
What is -5b96 (base 15) in base 3?
-222201220
What is 2013 (base 5) in base 7?
516
1553 (base 10) to base 6
11105
10120222 (base 3) to base 7
10430
Convert 10320 (base 4) to base 14.
184
What is -626 (base 13) in base 10?
-1046
Convert -1ca (base 16) to base 9.
-558
Convert -266 (base 16) to base 14.
-31c
-221111212 (base 3) to base 11
-12a79
2200021020 (base 3) to base 13
1ac97
Convert -73564 (base 8) to base 16.
-7774
What is -110002230 (base 4) in base 9?
-134543
-2201 (base 8) to base 10
-1153
What is -5133 (base 8) in base 4?
-221123
Convert -4273 (base 9) to base 8.
-6110
Convert -50626 (base 9) to base 2.
-1000001000100011
-347 (base 9) to base 6
-1154
-525 (base 12) to base 5
-10444
What is 10122 (base 4) in base 11?
237
236 (base 14) to base 2
110111000
What is 724 (base 10) in base 6?
3204
131221 (base 7) to base 5
1240331
-352 (base 8) to base 5
-1414
What is -2b766 (base 12) in base 9?
-103406
Convert -55135 (base 7) to base 4.
-3113203
Convert 550 (base 11) to base 5.
10120
ba6 (base 12) to base 15
790
Convert -110001101000 (base 2) to base 8.
-6150
What is 2171 (base 9) in base 16?
643
-1102220011 (base 3) to base 13
-cba1
-244234 (base 5) to base 8
-22147
-133 (base 10) to base 13
-a3
What is -23310120 (base 4) in base 15?
-e523
Convert 20101010 (base 3) to base 6.
33303
-3055 (base 10) to base 6
-22051
What is 11000 (base 2) in base 8?
30
Convert -100001110101001 (base 2) to base 14.
-6453
What is 2cc (base 14) in base 4?
20330
-228b8 (base 12) to base 10
-46220
Convert 9a4 (base 13) to base 9.
2238
15576 (base 8) to base 6
52330
-e43 (base 16) to base 7
-13434
What is 1120222 (base 3) in base 5?
14120
Convert -145 (base 16) to base 7.
-643
Convert -72b (base 12) to base 9.
-1378
391 (base 11) to base 8
717
Convert -1454 (base 12) to base 8.
-4500
Convert -2152 (base 11) to base 4.
-230120
-5130 (base 10) to base 8
-12012
Convert c3 (base 15) to base 12.
133
Convert -4238 (base 10) to base 2.
-1000010001110
What is 1646 (base 7) in base 10?
671
What is -55616 (base 7) in base 5?
-422102
Convert 21010 (base 4) to base 13.
358
Convert -16 (base 10) to base 16.
-10
-1247 (base 15) to base 4
-330310
Convert 202b (base 13) to base 14.
1887
Convert -1110010100011 (base 2) to base 9.
-11045
Convert -258 (base 10) to base 2.
-100000010
Convert -4b04 (base 16) to base 8.
-45404
Convert 19792 (base 10) to base 14.
72da
68be (base 16) to base 7
141114
3352 (base 6) to base 7
2204
What is c43 (base 15) in base 7?
11025
13784 (base 10) to base 9
20815
Convert 11102 (base 7) to base 8.
5353
Convert 20020001 (base 3) to base 11.
3455
1252 (base 11) to base 2
11001011110
What is 12169 (base 12) in base 3?
1020111100
Convert -132 (base 9) to base 12.
-92
What is -1333223 (base 4) in base 7?
-32552
Convert 31133 (base 4) to base 6.
3555
Convert -111211 (base 4) to base 10.
-1381
What is 1cc (base 13) in base 14?
1a1
-2120 (base 11) to base 10
-2805
-3477 (base 15) to base 6
-123321
Convert 110011010110 (base 2) to base 9.
4451
-243434 (base 5) to base 12
-5424
-3e51 (base 16) to base 14
-5b57
What is -10101001101110 (base 2) in base 9?
-15808
9cb (base 15) to base 16
8a8
What is 496 (base 16) in base 15?
534
2213100 (base 4) to base 6
121320
23531 (base 6) to base 4
311233
-14a (base 15) to base 6
-1211
Convert 143304 (base 5) to base 6.
44051
What is 14749 (base 13) in base 10?
38593
-13546 (base 7) to base 13
-18c4
What is 1014321 (base 5) in base 4?
10013010
What is -2022200 (base 3) in base 15?
-77c
Convert 4144312 (base 5) to base 2.
10000110001100011
What is -440 (base 7) in base 3?
-22022
What is 10361 (base 7) in base 8?
5037
Convert -51566 (base 8) to base 5.
-1140431
Convert 1101141 (base 5) to base 11.
13241
6205 (base 7) to base 3
2222001
-46 (base 14) to base 4
-332
Convert 4344 (base 12) to base 8.
16344
-766 (base 8) to base 16
-1f6
Convert 7a5 (base 15) to base 10.
1730
Convert -1780 (base 12) to base 4.
-230100
What is -1101011000 (base 2) in base 12?
-5b4
What is 32030 (base 4) in base 5?
12113
Convert 385b (base 14) to base 6.
113425
-6454 (base 7) to base 12
-13b1
What is 849 (base 11) in base 12?
711
13615 (base 7) to base 12
21b4
Convert 4bb (base 15) to base 14.
56c
Convert 12683 (base 12) to base 13.
b5b0
What is -6060 (base 8) in base 16?
-c30
Convert 429b (base 13) to base 12.
5432
What is -5856 (base 10) i